 - 7*j + 1. Calculate q(5).
-109
Let z(q) = q**3 + 9*q**2 - 4*q - 40. What is z(-9)?
-4
Let k(l) = -l**3 + 13*l**2 - 9*l - 27. Determine k(12).
9
Let q(r) = r**3 + 8*r**2 + 16*r + 12. Determine q(-6).
-12
Let p(j) = -j**3 - 7*j**2 - 6*j + 9. What is p(-5)?
-11
Let r(t) = 2*t - 9. Determine r(-10).
-29
Let q(k) = -2*k**2 + 75*k - 132. What is q(36)?
-24
Let v(w) = -3*w + 8. What is v(6)?
-10
Let u(j) = -j**2 + 3*j + 20. Give u(6).
2
Let q(d) = d + 32. What is q(17)?
49
Let c(s) = -2*s + 5. Give c(-8).
21
Let l(g) = 2*g**2 + 4*g - 58. Determine l(-6).
-10
Let n(d) = 18*d**3 + d**2 - d. Give n(1).
18
Let p(o) = -o**3 + 5*o**2 - 2*o - 3. What is p(3)?
9
Let c(h) = h**2 - 3. Determine c(-2).
1
Let o(m) = -m**2 - 16*m - 20. Give o(-14).
8
Let q(u) = -5*u**2 - u. Give q(1).
-6
Let m(h) = -3*h**2 + 5*h + 8. What is m(5)?
-42
Let i(p) = -12*p + 3. Calculate i(2).
-21
Let l(b) = 187*b - 2239. Determine l(12).
5
Let l(v) = -v**3 + 2*v**2 - 2*v + 2. Give l(1).
1
Let n(l) = -7*l**2 - 42*l - 22. What is n(-6)?
-22
Let i(k) = k**3 - 10*k**2 + 19*k - 2. Give i(7).
-16
Let l(n) = 5*n**3 - 15*n**2 + 16*n. What is l(1)?
6
Let w(l) = l**3 - 24*l**2 + 8*l - 198. Give w(24).
-6
Let j(v) = -2*v + 6. Give j(-8).
22
Let s(u) = -17*u + 14. Give s(-4).
82
Let t(u) = -2*u**2 + 6*u + 4. Determine t(5).
-16
Let d(i) = i**3 + 48*i**2 + 52*i + 231. What is d(-47)?
-4
Let u(r) = r**3 - 4*r - 1. Give u(2).
-1
Let j(o) = -o + 15. What is j(13)?
2
Let l(f) = f + 10. Give l(-3).
7
Let k(y) = -y**2 - 3*y + 3. Give k(-5).
-7
Let l(r) = r**2 + 11*r - 7. Determine l(-12).
5
Let u(z) = -z**3 + 53*z**2 + 112*z - 101. What is u(55)?
9
Let l(s) = s - 6. What is l(7)?
1
Let p(w) = 67*w**2 + 2*w + 2. Calculate p(-1).
67
Let n(y) = 4*y**2 - 20*y + 8. Calculate n(4).
-8
Let q(f) = f**2 + 9*f - 3. Determine q(5).
67
Let r(d) = -d**3 - 2*d**2 + 8*d - 34. Determine r(0).
-34
Let b(g) = -g + 4. What is b(-4)?
8
Let q(r) = 7*r**2 + 2*r + 1. Determine q(-2).
25
Let d(c) = -2*c**2 - 10*c + 73. Give d(-9).
1
Let k(l) = l**2 + 6*l - 10. Calculate k(-7).
-3
Let h(y) = y**3 + 31*y**2 + 27*y - 82. Determine h(-30).
8
Let c(s) = 5*s**2 - 28*s - 13. Give c(6).
-1
Let i(c) = c**2 - 12. Give i(5).
13
Let x(f) = -2*f - 17. Determine x(-10).
3
Let y(g) = -9*g**3 - 2*g**2 + 2*g + 3. What is y(-1)?
8
Let d(v) = v + 58. Calculate d(-13).
45
Let w(z) = -z**2 + 29*z + 53. Calculate w(31).
-9
Let u(o) = -7*o - 131. Determine u(-17).
-12
Let n(a) = a**3 + 19*a**2 - 43*a - 23. Calculate n(-21).
-2
Let s(i) = -22*i - 151. Calculate s(-7).
3
Let k(l) = 2*l + 43. Calculate k(-26).
-9
Let y(s) = -s**2 - 8*s - 17. What is y(-7)?
-10
Let z(n) = 9*n**3 - 2*n**2 - n - 1. Give z(-1).
-11
Let s(b) = 5*b**2 - 48*b - 20. Determine s(10).
0
Let u(p) = -p**3 + 6*p**2 - 7*p + 6. Give u(6).
-36
Let f(w) = 51*w + 6. Calculate f(-3).
-147
Let v(l) = -l**3 + 13*l**2 + 2*l - 15. Calculate v(13).
11
Let b(g) = 36*g**3 - 4*g**2 + 5*g - 2. Give b(1).
35
Let v(t) = -2*t**3 + t + 1. Calculate v(2).
-13
Let j(h) = h**2 + 5*h - 15. Determine j(-7).
-1
Let k(j) = -j**3 - 14*j**2 - 30. What is k(-14)?
-30
Let v(a) = 7*a + 2. Give v(-1).
-5
Let p(i) = i**3 + 7*i**2 + 4*i - 3. What is p(-5)?
27
Let g(l) = -14*l**2 + l - 2. What is g(2)?
-56
Let q(n) = n**3 - 7*n**2 + 5*n + 7. Calculate q(6).
1
Let o(r) = r**3 - 4*r**2 - 4*r + 21. Give o(4).
5
Let l(o) = -o**3 - 13*o**2 + 15*o + 19. Calculate l(-14).
5
Let p(o) = -o**3 + 5*o**2 + 13*o - 40. Calculate p(6).
2
Let j(p) = -12*p + 1. Give j(4).
-47
Let j(x) = -x**3 - 3*x**2 - 3*x - 5. Calculate j(-3).
4
Let w(a) = a**3 - 7*a**2 - 3*a - 6. Determine w(4).
-66
Let x(q) = -13*q + 109. Calculate x(8).
5
Let d(v) = -v**2 - 10*v - 25. Determine d(-7).
-4
Let p(r) = r**3 - 22*r**2 + 42*r - 39. Determine p(20).
1
Let g(t) = t**3 + t**2 - 13*t + 1. What is g(-4)?
5
Let g(f) = -6*f + 8. What is g(-1)?
14
Let k(w) = -32*w + 2. Calculate k(-1).
34
Let c(y) = 6*y**2 - 19*y + 1. Calculate c(3).
-2
Let q(y) = y**2 + 15*y - 9. Give q(0).
-9
Let s(t) = -46*t + 729. Determine s(16).
-7
Let d(k) = -19*k**2 - k - 6. Calculate d(-3).
-174
Let o(i) = -i**2 + 15*i + 37. Give o(17).
3
Let t(k) = -k**2 + 11*k + 8. Give t(12).
-4
Let r(p) = p**3 - 13*p**2 + 32*p + 11. Give r(9).
-25
Let a(b) = -2*b**2 - 23*b - 12. Determine a(-9).
33
Let u(c) = -71*c + 410. Determine u(6).
-16
Let b(x) = 4*x**2 + 1. Give b(1).
5
Let c(w) = -3*w - 45. Calculate c(-11).
-12
Let x(v) = -7*v - 9. Calculate x(-2).
5
Let u(b) = -b**3 + 6*b**2 - b + 2. Give u(5).
22
Let h(q) = q**2 + 7*q - 173. Determine h(-17).
-3
Let b(c) = 8*c - 105. What is b(14)?
7
Let z(d) = 2*d + 29. Give z(-20).
-11
Let g(n) = -n**3 + 2*n**2 - 5*n + 6. Calculate g(2).
-4
Let z(q) = q**2 + 2*q - 83. Give z(-11).
16
Let y(g) = 2*g**3 - 2*g**2 + g - 1. Give y(-2).
-27
Let o(r) = -r**3 + 23*r**2 - 116*r + 63. Calculate o(16).
-1
Let y(o) = 5*o + 30. What is y(-7)?
-5
Let k(z) = -z**2 - 18*z - 37. Give k(-2).
-5
Let c(j) = -10*j - 48. Calculate c(-9).
42
Let u(z) = z**2 - 12*z + 25. Give u(8).
-7
Let s(v) = -10*v - 294. Determine s(-30).
6
Let y(f) = f**2 + 8*f - 81. What is y(-14)?
3
Let x(p) = -2*p**3 - 28*p**2 + 2*p + 22. Give x(-14).
-6
Let z(b) = 10*b - 41. Determine z(3).
-11
Let u(z) = 2*z**3 + z**2 + 9*z - 4. Determine u(3).
86
Let s(k) = -3*k**3 - 3*k**2 - 5*k - 2. Give s(-1).
3
Let q(h) = 6*h**3 + 3*h**2 + 9*h + 15. Give q(-2).
-39
Let s(z) = 33*z - 594. Determine s(18).
0
Let a(v) = -5*v**2 - 2*v - 2. What is a(-1)?
-5
Let p(f) = 4*f - 84. Determine p(31).
40
Let c(i) = 5*i**2 + 18*i + 20. What is c(-6)?
92
Let h(y) = y**2 + 11*y + 29. What is h(-7)?
1
Let l(s) = s**3 + 37*s**2. Give l(-37).
0
Let y(q) = 5*q + 33. Calculate y(-19).
-62
Let g(l) = -l**3 - 15*l**2 - 38*l - 39. Calculate g(-12).
-15
Let f(o) = 3*o + 1. Give f(-2).
-5
Let u(n) = -n**3 - 15*n**2 + 52*n - 40. Determine u(-18).
-4
Let o(a) = -a**2 + 8*a - 6. Calculate o(5).
9
Let u(r) = -5*r**3 + 5*r + 5. What is u(-2)?
35
Let d(b) = -b**3 - b**2 + 4*b + 2. What is d(2)?
-2
Let q(n) = n - 19. Calculate q(15).
-4
Let u(v) = -v**3 + 11*v**2 - 19*v + 7. Give u(9).
-2
Let y(l) = 7*l - 54. Determine y(8).
2
Let y(q) = -3*q - 23. Calculate y(-7).
-2
Let h(v) = 4*v**2 - 77*v - 54. Determine h(20).
6
Let c(g) = -g**3 - 8*g**2 + 11. Give c(-6).
-61
Let b(u) = u**3 + 3*u**2 - 4. What is b(-5)?
-54
Let n(h) = 2*h**2 + 16*h + 26. Calculate n(-6).
2
Let h(j) = -j**3 - 4*j**2 - 4*j - 12. Give h(-5).
33
Let l(y) = 4*y + 5. What is l(5)?
25
Let i(s) = -s**3 - 7*s**2 - s + 2. What is i(-7)?
9
Let d(q) = q**2 - 4*q - 15. What is d(11)?
62
Let o(j) = -47*j + 1. Determine o(2).
-93
Let v(p) = -p**2 - 19*p - 51. Determine v(-13).
27
Let d(u) = 34*u - 11. Calculate d(4).
125
Let q(w) = w - 15. Determine q(4).
-11
Let h(f) = -3*f + 67. Give h(16).
19
Let i(f) = -f**2 - 3*f + 137. Calculate i(0).
137
Let z(s) = -s**3 - 9*s**2 + 10. Determine z(-9).
10
Let b(r) = r**3 - 3*r**2 + 5*r - 2. What is b(3)?
13
Let d(v) = v**3 + 16*v**2 - v + 20. Calculate d(-16).
36
Let u(r) = -r**2 + 1. Give u(-2).
-3
Let u(d) = -d**3 - 4*d**2 + d + 5. Give u(-4).
1
Let d(j) = 2*j**2 - 5*j - 10. Give d(5).
15
Let x(u) = -4*u**2 + 4*u - 12. Determine x(5).
-92
Let a(m) = m**2 - 14*m + 24. What is a(3)?
-9
Let u(m) = 2*m + 4. What is u(-3)?
-2
Let c(a) = -a**3 + 10*a**2 - 8*a - 15. Give c(9).
-6
Let m(i) = 2*i**2 + 2*i - 3. Give m(0).
-3
Let y(d) = 6*d**2 + 4*d + 1. Determine y(-2).
17
Let d(z) = -z**3 - 8*z**2 + z - 1. Give d(-8).
-9
Let a(j) = j**3 + 18*j**2 + 6*j + 81. Determine a(-18).
-27
Let k(b) = -2*b + 1. What is k(1)?
-1
Let b(z) = -z**3 + 16*z + 7. Determine b(5).
-38
Let g(h) = h**2 - 2*h - 7. Give g(-5).
28
Let w(q) = 2*q**2 - 6*q + 9. Determine w(3).
9
Let r(j) = -j**3 + 11*j**2 - 11*j - 18. Determine r(9).
45
Let c(l) = l**2 - 12*l + 10. Calculate c(5).
-25
Let m(x) = -x - 18. Calculate m(0).
-18
Let d(r) = -r**3 + 8*r**2 + 9*r - 2. Determine d(9).
-2
Let i(z) = 5*z**2 + 44*z - 19. Determine i(-9).
-10
Let d(f) = -2*f + 26. Determine d(10).
6
Let a(i) = 3*i - 4. Give a(-3).
-13
Let k(s) = s**3 + 7*s**2 - 16*s + 18. Give k(-9).
0
Let f(r) = r**3 + 4*r**2 + 5*r + 4. Determine f(-2).
2
Let r(l) = -l**3 - 9*l**2 - 2*l - 15. What is r(-9)?
3
Let j(z) = -z**3 - 9*z**2 + 4*z + 1. Give j(-9).
-35
Let x(g) = -g**3 + 7*g + 6. Give x(3).
0
Let k(j) =